{"id":11,"date":"2024-01-03T09:37:27","date_gmt":"2024-01-03T12:37:27","guid":{"rendered":"https:\/\/akioras.com.br\/modeloargon\/?page_id=11"},"modified":"2024-01-10T11:31:50","modified_gmt":"2024-01-10T14:31:50","slug":"quem-somos-cartorio","status":"publish","type":"page","link":"https:\/\/akioras.com.br\/modeloargon\/quem-somos-cartorio\/","title":{"rendered":"Quem Somos"},"content":{"rendered":"\n<div class=\"wp-block-group alignwide is-layout-flow wp-block-group-is-layout-flow\">\n<h4 class=\"wp-block-heading\">Hist\u00f3ria da nossa cidade!<\/h4>\n\n\n\n<p class=\"has-contrast-color has-text-color has-link-color wp-elements-121e2843a8dc16699a887f3a5c58c11e\"><strong>Santo Andr\u00e9<\/strong>\u00a0\u00e9 um\u00a0<a href=\"https:\/\/pt.wikipedia.org\/wiki\/Munic%C3%ADpio_(Brasil)\">munic\u00edpio brasileiro<\/a>\u00a0da\u00a0<a href=\"https:\/\/pt.wikipedia.org\/wiki\/Regi%C3%A3o_do_Grande_ABC\">Regi\u00e3o do Grande ABC<\/a>, localizado na\u00a0<a href=\"https:\/\/pt.wikipedia.org\/wiki\/Zona_Sudeste_de_S%C3%A3o_Paulo#Sub-Regi%C3%A3o_Sudeste_da_Grande_S%C3%A3o_Paulo\">Zona Sudeste da Grande S\u00e3o Paulo<\/a>, parte da\u00a0<a href=\"https:\/\/pt.wikipedia.org\/wiki\/Regi%C3%A3o_Metropolitana_de_S%C3%A3o_Paulo\">Regi\u00e3o Metropolitana de S\u00e3o Paulo<\/a>, em conformidade com a lei estadual n\u00ba 1.139, de 16 de junho de 2011<sup><a href=\"https:\/\/pt.wikipedia.org\/wiki\/Santo_Andr%C3%A9_(S%C3%A3o_Paulo)#cite_note-11\">[11]<\/a><\/sup>\u00a0e, consequentemente, com o\u00a0<em><a href=\"https:\/\/pt.wikipedia.org\/wiki\/Plano_de_Desenvolvimento_Urbano_Integrado_da_Regi%C3%A3o_Metropolitana_de_S%C3%A3o_Paulo_(PDUI)\">Plano de Desenvolvimento Urbano Integrado da Regi\u00e3o Metropolitana de S\u00e3o Paulo (PDUI)<\/a><\/em>.<sup><a href=\"https:\/\/pt.wikipedia.org\/wiki\/Santo_Andr%C3%A9_(S%C3%A3o_Paulo)#cite_note-12\">[12]<\/a><\/sup><\/p>\n\n\n\n<p class=\"has-contrast-color has-text-color has-link-color wp-elements-b2f3a3e984dfaf8455bed895980e1c1f\">Sua popula\u00e7\u00e3o estimada em 2018 \u00e9 de 716109 habitantes.<sup><a href=\"https:\/\/pt.wikipedia.org\/wiki\/Santo_Andr%C3%A9_(S%C3%A3o_Paulo)#cite_note-13\">[13]<\/a><\/sup>&nbsp;Ocupa uma&nbsp;<a href=\"https:\/\/pt.wikipedia.org\/wiki\/%C3%81rea\">\u00e1rea<\/a>&nbsp;de 175&nbsp;km\u00b2, o que resulta numa&nbsp;<a href=\"https:\/\/pt.wikipedia.org\/wiki\/Densidade_demogr%C3%A1fica\">densidade demogr\u00e1fica<\/a>&nbsp;de 4.030 hab\/km<sup>2<\/sup>.<\/p>\n\n\n\n<p class=\"has-contrast-color has-text-color has-link-color wp-elements-7c1b25b35cebabde7bd2f979b9951186\">Santo Andr\u00e9 \u00e9 a d\u00e9cima quinta&nbsp;<a href=\"https:\/\/pt.wikipedia.org\/wiki\/Cidade\">cidade<\/a>&nbsp;brasileira mais desenvolvida<sup><a href=\"https:\/\/pt.wikipedia.org\/wiki\/Santo_Andr%C3%A9_(S%C3%A3o_Paulo)#cite_note-14\">[14]<\/a><\/sup>, e a oitava cidade mais desenvolvida do&nbsp;<a href=\"https:\/\/pt.wikipedia.org\/wiki\/Estado_de_S%C3%A3o_Paulo\">estado de S\u00e3o Paulo<\/a>, segundo a&nbsp;<a href=\"https:\/\/pt.wikipedia.org\/wiki\/ONU\">ONU<\/a>.<sup><a href=\"https:\/\/pt.wikipedia.org\/wiki\/Santo_Andr%C3%A9_(S%C3%A3o_Paulo)#cite_note-15\">[15]<\/a><\/sup>&nbsp;\u00c9 tamb\u00e9m a quinta melhor cidade do pa\u00eds onde criar filhos.<sup><a href=\"https:\/\/pt.wikipedia.org\/wiki\/Santo_Andr%C3%A9_(S%C3%A3o_Paulo)#cite_note-16\">[16]<\/a><\/sup><\/p>\n\n\n\n<p class=\"has-contrast-color has-text-color has-link-color wp-elements-12ee2b23141ce2081e2d8711b813593d\">O nome do munic\u00edpio remonta \u00e0 antiga vila de&nbsp;<a href=\"https:\/\/pt.wikipedia.org\/wiki\/Santo_Andr%C3%A9_da_Borda_do_Campo\">Santo Andr\u00e9 da Borda do Campo<\/a>, que existiu na regi\u00e3o do Grande ABC. Esta vila foi fundada por&nbsp;<a href=\"https:\/\/pt.wikipedia.org\/wiki\/Jo%C3%A3o_Ramalho\">Jo\u00e3o Ramalho<\/a>, que se uniu \u00e0 \u00edndia&nbsp;<a href=\"https:\/\/pt.wikipedia.org\/wiki\/Bartira\">Bartira<\/a>, filha do cacique&nbsp;<a href=\"https:\/\/pt.wikipedia.org\/wiki\/Tibiri%C3%A7%C3%A1\">Tibiri\u00e7\u00e1<\/a>, da tribo dos&nbsp;<a href=\"https:\/\/pt.wikipedia.org\/wiki\/Guaianases\">Guaianases<\/a>. Em&nbsp;<a href=\"https:\/\/pt.wikipedia.org\/wiki\/8_de_abril\">8 de abril<\/a>&nbsp;de 1553, o seu pedido de transformar a regi\u00e3o em que vivia em Vila foi atendido pelo governador-geral&nbsp;<a href=\"https:\/\/pt.wikipedia.org\/wiki\/Tom%C3%A9_de_Sousa\">Tom\u00e9 de Sousa<\/a>.<\/p>\n<\/div>\n\n\n\n<div style=\"height:32px\" aria-hidden=\"true\" class=\"wp-block-spacer\"><\/div>\n\n\n\n<div class=\"wp-block-group alignwide is-layout-flow wp-block-group-is-layout-flow\">\n<h4 class=\"wp-block-heading has-text-align-center\">Localiza\u00e7\u00e3o<\/h4>\n\n\n\n<p>Av. Dom Pedro II, 1935 &#8211; Bairro Campestre, CEP 09080-111 &#8211; Santo Andr\u00e9 &#8211; SP &#8211; Brasil<br>Atendimento: Seg a Sex: 9h \u2013 17h | S\u00e1b: 9h \u2013 12h<\/p>\n\n\n\n<div style=\"width: 100%\"><iframe loading=\"lazy\" width=\"100%\" height=\"270\" frameborder=\"0\" scrolling=\"no\" marginheight=\"0\" marginwidth=\"0\" src=\"https:\/\/maps.google.com\/maps?width=100%25&amp;height=270&amp;hl=en&amp;q=Av.%20Dom%20Pedro%20II,%201935%20-%20Bairro%20Campestre%20CEP%2009080-111%20-%20Santo%20Andr%C3%A9%20-%20SP%20-%20Brasil+(Argon%20-%20Solu%C3%A7%C3%B5es%20em%20Tecnologia)&amp;t=&amp;z=17&amp;ie=UTF8&amp;iwloc=B&amp;output=embed\"><a href=\"https:\/\/www.maps.ie\/population\/\">Find Population on Map<\/a><\/iframe><\/div>\n<\/div>\n","protected":false},"excerpt":{"rendered":"<p>Hist\u00f3ria da nossa cidade! Santo Andr\u00e9\u00a0\u00e9 um\u00a0munic\u00edpio brasileiro\u00a0da\u00a0Regi\u00e3o do Grande ABC, localizado na\u00a0Zona Sudeste da Grande S\u00e3o Paulo, parte da\u00a0Regi\u00e3o Metropolitana de S\u00e3o Paulo, em conformidade com a lei estadual n\u00ba 1.139, de 16 de junho de 2011[11]\u00a0e, consequentemente, com o\u00a0Plano de Desenvolvimento Urbano Integrado da Regi\u00e3o Metropolitana de S\u00e3o Paulo (PDUI).[12] Sua popula\u00e7\u00e3o estimada [&hellip;]<\/p>\n","protected":false},"author":1,"featured_media":0,"parent":0,"menu_order":0,"comment_status":"closed","ping_status":"closed","template":"","meta":{"footnotes":""},"class_list":["post-11","page","type-page","status-publish","hentry"],"yoast_head":"<!-- This site is optimized with the Yoast SEO plugin v22.5 - https:\/\/yoast.com\/wordpress\/plugins\/seo\/ -->\n<title>Quem Somos - 26\u00ba Cart\u00f3rio de Registro Civil de Vila Prudente - SP<\/title>\n<meta name=\"description\" content=\"Quem Somos? Argon Solu\u00e7\u00f5es em Tecnologia. Localizado na Av. Dom Pedro II, 1935 - Bairro Campestre - Bairro Campestre, CEP 09080-111\" \/>\n<meta name=\"robots\" content=\"index, follow, max-snippet:-1, max-image-preview:large, max-video-preview:-1\" \/>\n<link rel=\"canonical\" href=\"https:\/\/akioras.com.br\/modeloargon\/quem-somos-cartorio\/\" \/>\n<meta property=\"og:locale\" content=\"pt_BR\" \/>\n<meta property=\"og:type\" content=\"article\" \/>\n<meta property=\"og:title\" content=\"Quem Somos - 26\u00ba Cart\u00f3rio de Registro Civil de Vila Prudente - SP\" \/>\n<meta property=\"og:description\" content=\"Quem Somos? Argon Solu\u00e7\u00f5es em Tecnologia. Localizado na Av. Dom Pedro II, 1935 - Bairro Campestre - Bairro Campestre, CEP 09080-111\" \/>\n<meta property=\"og:url\" content=\"https:\/\/akioras.com.br\/modeloargon\/quem-somos-cartorio\/\" \/>\n<meta property=\"og:site_name\" content=\"Argon Solu\u00e7\u00f5es em Tecnologia\" \/>\n<meta property=\"article:modified_time\" content=\"2024-01-10T14:31:50+00:00\" \/>\n<meta name=\"twitter:card\" content=\"summary_large_image\" \/>\n<meta name=\"twitter:label1\" content=\"Est. tempo de leitura\" \/>\n\t<meta name=\"twitter:data1\" content=\"2 minutos\" \/>\n<script type=\"application\/ld+json\" class=\"yoast-schema-graph\">{\"@context\":\"https:\/\/schema.org\",\"@graph\":[{\"@type\":\"WebPage\",\"@id\":\"https:\/\/akioras.com.br\/modeloargon\/quem-somos-cartorio\/\",\"url\":\"https:\/\/akioras.com.br\/modeloargon\/quem-somos-cartorio\/\",\"name\":\"Quem Somos - 26\u00ba Cart\u00f3rio de Registro Civil de Vila Prudente - SP\",\"isPartOf\":{\"@id\":\"https:\/\/akioras.com.br\/modeloargon\/#website\"},\"datePublished\":\"2024-01-03T12:37:27+00:00\",\"dateModified\":\"2024-01-10T14:31:50+00:00\",\"description\":\"Quem Somos? Argon Solu\u00e7\u00f5es em Tecnologia. Localizado na Av. Dom Pedro II, 1935 - Bairro Campestre - Bairro Campestre, CEP 09080-111\",\"breadcrumb\":{\"@id\":\"https:\/\/akioras.com.br\/modeloargon\/quem-somos-cartorio\/#breadcrumb\"},\"inLanguage\":\"pt-BR\",\"potentialAction\":[{\"@type\":\"ReadAction\",\"target\":[\"https:\/\/akioras.com.br\/modeloargon\/quem-somos-cartorio\/\"]}]},{\"@type\":\"BreadcrumbList\",\"@id\":\"https:\/\/akioras.com.br\/modeloargon\/quem-somos-cartorio\/#breadcrumb\",\"itemListElement\":[{\"@type\":\"ListItem\",\"position\":1,\"name\":\"In\u00edcio\",\"item\":\"https:\/\/akioras.com.br\/modeloargon\/\"},{\"@type\":\"ListItem\",\"position\":2,\"name\":\"Quem Somos\"}]},{\"@type\":\"WebSite\",\"@id\":\"https:\/\/akioras.com.br\/modeloargon\/#website\",\"url\":\"https:\/\/akioras.com.br\/modeloargon\/\",\"name\":\"Modelo Site Argon\",\"description\":\"O Modelo Argon \u00e9 apenas um exemplo, A Argon \u00e9 localizado na Av. Dom Pedro II, 1935 - Bairro Campestre, CEP 09080-111 - Santo Andr\u00e9 - SP\",\"publisher\":{\"@id\":\"https:\/\/akioras.com.br\/modeloargon\/#organization\"},\"alternateName\":\"Argon Solu\u00e7\u00f5es em Tecnologia\",\"potentialAction\":[{\"@type\":\"SearchAction\",\"target\":{\"@type\":\"EntryPoint\",\"urlTemplate\":\"https:\/\/akioras.com.br\/modeloargon\/?s={search_term_string}\"},\"query-input\":\"required name=search_term_string\"}],\"inLanguage\":\"pt-BR\"},{\"@type\":\"Organization\",\"@id\":\"https:\/\/akioras.com.br\/modeloargon\/#organization\",\"name\":\"Argon Solu\u00e7\u00f5es em Tecnologia\",\"url\":\"https:\/\/akioras.com.br\/modeloargon\/\",\"logo\":{\"@type\":\"ImageObject\",\"inLanguage\":\"pt-BR\",\"@id\":\"https:\/\/akioras.com.br\/modeloargon\/#\/schema\/logo\/image\/\",\"url\":\"https:\/\/akioras.com.br\/modeloargon\/wp-content\/uploads\/2024\/01\/logoVilaPrudente.jpg\",\"contentUrl\":\"https:\/\/akioras.com.br\/modeloargon\/wp-content\/uploads\/2024\/01\/logoVilaPrudente.jpg\",\"width\":310,\"height\":180,\"caption\":\"Argon Solu\u00e7\u00f5es em Tecnologia\"},\"image\":{\"@id\":\"https:\/\/akioras.com.br\/modeloargon\/#\/schema\/logo\/image\/\"}}]}<\/script>\n<!-- \/ Yoast SEO plugin. -->","yoast_head_json":{"title":"Quem Somos - 26\u00ba Cart\u00f3rio de Registro Civil de Vila Prudente - SP","description":"Quem Somos? Argon Solu\u00e7\u00f5es em Tecnologia. Localizado na Av. Dom Pedro II, 1935 - Bairro Campestre - Bairro Campestre, CEP 09080-111","robots":{"index":"index","follow":"follow","max-snippet":"max-snippet:-1","max-image-preview":"max-image-preview:large","max-video-preview":"max-video-preview:-1"},"canonical":"https:\/\/akioras.com.br\/modeloargon\/quem-somos-cartorio\/","og_locale":"pt_BR","og_type":"article","og_title":"Quem Somos - 26\u00ba Cart\u00f3rio de Registro Civil de Vila Prudente - SP","og_description":"Quem Somos? Argon Solu\u00e7\u00f5es em Tecnologia. Localizado na Av. Dom Pedro II, 1935 - Bairro Campestre - Bairro Campestre, CEP 09080-111","og_url":"https:\/\/akioras.com.br\/modeloargon\/quem-somos-cartorio\/","og_site_name":"Argon Solu\u00e7\u00f5es em Tecnologia","article_modified_time":"2024-01-10T14:31:50+00:00","twitter_card":"summary_large_image","twitter_misc":{"Est. tempo de leitura":"2 minutos"},"schema":{"@context":"https:\/\/schema.org","@graph":[{"@type":"WebPage","@id":"https:\/\/akioras.com.br\/modeloargon\/quem-somos-cartorio\/","url":"https:\/\/akioras.com.br\/modeloargon\/quem-somos-cartorio\/","name":"Quem Somos - 26\u00ba Cart\u00f3rio de Registro Civil de Vila Prudente - SP","isPartOf":{"@id":"https:\/\/akioras.com.br\/modeloargon\/#website"},"datePublished":"2024-01-03T12:37:27+00:00","dateModified":"2024-01-10T14:31:50+00:00","description":"Quem Somos? Argon Solu\u00e7\u00f5es em Tecnologia. Localizado na Av. Dom Pedro II, 1935 - Bairro Campestre - Bairro Campestre, CEP 09080-111","breadcrumb":{"@id":"https:\/\/akioras.com.br\/modeloargon\/quem-somos-cartorio\/#breadcrumb"},"inLanguage":"pt-BR","potentialAction":[{"@type":"ReadAction","target":["https:\/\/akioras.com.br\/modeloargon\/quem-somos-cartorio\/"]}]},{"@type":"BreadcrumbList","@id":"https:\/\/akioras.com.br\/modeloargon\/quem-somos-cartorio\/#breadcrumb","itemListElement":[{"@type":"ListItem","position":1,"name":"In\u00edcio","item":"https:\/\/akioras.com.br\/modeloargon\/"},{"@type":"ListItem","position":2,"name":"Quem Somos"}]},{"@type":"WebSite","@id":"https:\/\/akioras.com.br\/modeloargon\/#website","url":"https:\/\/akioras.com.br\/modeloargon\/","name":"Modelo Site Argon","description":"O Modelo Argon \u00e9 apenas um exemplo, A Argon \u00e9 localizado na Av. Dom Pedro II, 1935 - Bairro Campestre, CEP 09080-111 - Santo Andr\u00e9 - SP","publisher":{"@id":"https:\/\/akioras.com.br\/modeloargon\/#organization"},"alternateName":"Argon Solu\u00e7\u00f5es em Tecnologia","potentialAction":[{"@type":"SearchAction","target":{"@type":"EntryPoint","urlTemplate":"https:\/\/akioras.com.br\/modeloargon\/?s={search_term_string}"},"query-input":"required name=search_term_string"}],"inLanguage":"pt-BR"},{"@type":"Organization","@id":"https:\/\/akioras.com.br\/modeloargon\/#organization","name":"Argon Solu\u00e7\u00f5es em Tecnologia","url":"https:\/\/akioras.com.br\/modeloargon\/","logo":{"@type":"ImageObject","inLanguage":"pt-BR","@id":"https:\/\/akioras.com.br\/modeloargon\/#\/schema\/logo\/image\/","url":"https:\/\/akioras.com.br\/modeloargon\/wp-content\/uploads\/2024\/01\/logoVilaPrudente.jpg","contentUrl":"https:\/\/akioras.com.br\/modeloargon\/wp-content\/uploads\/2024\/01\/logoVilaPrudente.jpg","width":310,"height":180,"caption":"Argon Solu\u00e7\u00f5es em Tecnologia"},"image":{"@id":"https:\/\/akioras.com.br\/modeloargon\/#\/schema\/logo\/image\/"}}]}},"_links":{"self":[{"href":"https:\/\/akioras.com.br\/modeloargon\/wp-json\/wp\/v2\/pages\/11","targetHints":{"allow":["GET"]}}],"collection":[{"href":"https:\/\/akioras.com.br\/modeloargon\/wp-json\/wp\/v2\/pages"}],"about":[{"href":"https:\/\/akioras.com.br\/modeloargon\/wp-json\/wp\/v2\/types\/page"}],"author":[{"embeddable":true,"href":"https:\/\/akioras.com.br\/modeloargon\/wp-json\/wp\/v2\/users\/1"}],"replies":[{"embeddable":true,"href":"https:\/\/akioras.com.br\/modeloargon\/wp-json\/wp\/v2\/comments?post=11"}],"version-history":[{"count":9,"href":"https:\/\/akioras.com.br\/modeloargon\/wp-json\/wp\/v2\/pages\/11\/revisions"}],"predecessor-version":[{"id":124,"href":"https:\/\/akioras.com.br\/modeloargon\/wp-json\/wp\/v2\/pages\/11\/revisions\/124"}],"wp:attachment":[{"href":"https:\/\/akioras.com.br\/modeloargon\/wp-json\/wp\/v2\/media?parent=11"}],"curies":[{"name":"wp","href":"https:\/\/api.w.org\/{rel}","templated":true}]}}